{"id":1932,"date":"2023-02-27T15:07:43","date_gmt":"2023-02-27T14:07:43","guid":{"rendered":"http:\/\/ucjgalsace.org\/cms\/?page_id=1932"},"modified":"2023-06-01T16:56:00","modified_gmt":"2023-06-01T15:56:00","slug":"nos-colonies-vacances-camps-dete-2023-2","status":"publish","type":"page","link":"https:\/\/ucjgalsace.org\/cms\/nos-colonies-vacances-camps-dete-2023-2\/","title":{"rendered":"Nos colonies de vacances &#038; camps d&rsquo;\u00e9t\u00e9 2023"},"content":{"rendered":"<div id=\"pl-1932\"  class=\"panel-layout\" ><div id=\"pg-1932-0\"  class=\"panel-grid panel-no-style\" ><div id=\"pgc-1932-0-0\"  class=\"panel-grid-cell\" ><div id=\"panel-1932-0-0-0\" class=\"so-panel widget widget_sow-hero panel-first-child panel-last-child\" data-index=\"0\" ><div\n\t\t\t\n\t\t\tclass=\"so-widget-sow-hero so-widget-sow-hero-default-1791198de491-1932 so-widget-fittext-wrapper\"\n\t\t\t data-fit-text-compressor=\"0.85\"\n\t\t>\t\t\t\t<div class=\"sow-slider-base\" style=\"display: none\" tabindex=\"0\">\n\t\t\t\t\t<ul\n\t\t\t\t\tclass=\"sow-slider-images\"\n\t\t\t\t\tdata-settings=\"{&quot;pagination&quot;:true,&quot;speed&quot;:800,&quot;timeout&quot;:8000,&quot;paused&quot;:false,&quot;pause_on_hover&quot;:false,&quot;swipe&quot;:true,&quot;nav_always_show_desktop&quot;:&quot;&quot;,&quot;nav_always_show_mobile&quot;:&quot;&quot;,&quot;breakpoint&quot;:&quot;780px&quot;,&quot;unmute&quot;:false,&quot;anchor&quot;:null}\"\n\t\t\t\t\t\t\t\t\t\tdata-anchor-id=\"\"\n\t\t\t\t>\t\t<li class=\"sow-slider-image  sow-slider-image-cover\" style=\"visibility: visible;;background-color: #333333\" >\n\t\t\t\t\t<div class=\"sow-slider-image-container\">\n\t\t\t<div class=\"sow-slider-image-wrapper\">\n\t\t\t\t<h1 style=\"text-align: center\"><span style=\"color: #ffffff\"><strong>Les camps de l'\u00e9t\u00e9<\/strong><\/span><\/h1><div class=\"sow-hero-buttons\" style=\"text-align: center\"><div\n\t\t\t\n\t\t\tclass=\"so-widget-sow-button so-widget-sow-button-flat-5b47567d1eb5\"\n\t\t\t\n\t\t><div class=\"ow-button-base ow-button-align-left\"\n>\n\t\t\t<a\n\t\t\t\t\thref=\"https:\/\/ucjgalsace.org\/cms\/pre-inscription-a-un-camp\/\"\n\t\t\t\t\tclass=\"sowb-button ow-icon-placement-left\" \t>\n\t\t<span>\n\t\t\t<span class=\"sow-icon-fontawesome sow-fas\" data-sow-icon=\"&#xf105;\"\n\t\tstyle=\"\" \n\t\taria-hidden=\"true\"><\/span>\n\t\t\tPr\u00e9-inscrire mon enfant\t\t<\/span>\n\t\t\t<\/a>\n\t<\/div>\n<\/div><\/div>\t\t\t<\/div>\n\t\t<\/div>\n\t\t<div class=\"sow-slider-image-overlay sow-slider-image-cover\" style=\"opacity: 0.5;background-image: url(https:\/\/ucjgalsace.org\/cms\/wp-content\/uploads\/2015\/02\/IMG_5585.jpg)\"  ><\/div>\t\t<\/li>\n\t\t<\/ul>\t\t\t\t<ol class=\"sow-slider-pagination\">\n\t\t\t\t\t\t\t\t\t\t\t<li><a href=\"#\" data-goto=\"0\" aria-label=\"Display slide 1\"><\/a><\/li>\n\t\t\t\t\t\t\t\t\t<\/ol>\n\n\t\t\t\t<div class=\"sow-slide-nav sow-slide-nav-next\">\n\t\t\t\t\t<a href=\"#\" data-goto=\"next\" aria-label=\"Next slide\" data-action=\"next\">\n\t\t\t\t\t\t<em class=\"sow-sld-icon-thin-right\"><\/em>\n\t\t\t\t\t<\/a>\n\t\t\t\t<\/div>\n\n\t\t\t\t<div class=\"sow-slide-nav sow-slide-nav-prev\">\n\t\t\t\t\t<a href=\"#\" data-goto=\"previous\" aria-label=\"Previous slide\" data-action=\"prev\">\n\t\t\t\t\t\t<em class=\"sow-sld-icon-thin-left\"><\/em>\n\t\t\t\t\t<\/a>\n\t\t\t\t<\/div>\n\t\t\t\t<\/div><\/div><\/div><\/div><\/div><div id=\"pg-1932-1\"  class=\"panel-grid panel-no-style\" ><div id=\"pgc-1932-1-0\"  class=\"panel-grid-cell\" ><div id=\"panel-1932-1-0-0\" class=\"so-panel widget widget_sow-editor panel-first-child panel-last-child\" data-index=\"1\" ><div\n\t\t\t\n\t\t\tclass=\"so-widget-sow-editor so-widget-sow-editor-base\"\n\t\t\t\n\t\t>\n<div class=\"siteorigin-widget-tinymce textwidget\">\n\t<h4>YMCA UCJG Alsace proposent 7 s\u00e9jours en \u00e9t\u00e9 2023<\/h4>\n<p>Pour les s\u00e9jours jeunes 6-17 ans en France, nous demanderons le label \"Colos apprenantes\" aupr\u00e8s du Minist\u00e8re de l'Education Nationale<\/p>\n<p>Les prix indiqu\u00e9s sont ceux de 2022, susceptibles d'\u00e9voluer; quelque soit votre situation, nous consultez pour les aides (CAF, Ville, ANCV, Colos apprenantes, CE, ...) qui sont \u00e0 d\u00e9duire<\/p>\n<\/div>\n<\/div><\/div><\/div><\/div><div id=\"pg-1932-2\"  class=\"panel-grid panel-no-style\" ><div id=\"pgc-1932-2-0\"  class=\"panel-grid-cell\" ><div id=\"panel-1932-2-0-0\" class=\"so-panel widget widget_sow-editor panel-first-child panel-last-child\" data-index=\"2\" ><div\n\t\t\t\n\t\t\tclass=\"so-widget-sow-editor so-widget-sow-editor-base\"\n\t\t\t\n\t\t><h3 class=\"widget-title\">Les camps de jeunes de 6 \u00e0 17 ans en France.<\/h3>\n<div class=\"siteorigin-widget-tinymce textwidget\">\n\t<\/div>\n<\/div><\/div><\/div><\/div><div id=\"pg-1932-3\"  class=\"panel-grid panel-no-style\" ><div id=\"pgc-1932-3-0\"  class=\"panel-grid-cell\" ><div id=\"panel-1932-3-0-0\" class=\"so-panel widget widget_sow-image panel-first-child\" data-index=\"3\" ><div\n\t\t\t\n\t\t\tclass=\"so-widget-sow-image so-widget-sow-image-default-8b5b6f678277-1932\"\n\t\t\t\n\t\t>\n<div class=\"sow-image-container\">\n\t\t\t<a href=\"http:\/\/ucjgalsace.org\/cms\/les-camps-dete-2022\/graines-de-talents2022-2\/\"\n\t\t\t\t\t>\n\t\t\t<img \n\tsrc=\"https:\/\/ucjgalsace.org\/cms\/wp-content\/uploads\/2019\/03\/Capture-photo-GdT-750x500.jpg\" width=\"750\" height=\"500\" srcset=\"https:\/\/ucjgalsace.org\/cms\/wp-content\/uploads\/2019\/03\/Capture-photo-GdT-750x500.jpg 750w, https:\/\/ucjgalsace.org\/cms\/wp-content\/uploads\/2019\/03\/Capture-photo-GdT-272x182.jpg 272w\" sizes=\"(max-width: 750px) 100vw, 750px\" title=\"Capture photo GdT\" alt=\"\" \t\tclass=\"so-widget-image\"\/>\n\t\t\t<\/a><\/div>\n\n<\/div><\/div><div id=\"panel-1932-3-0-1\" class=\"so-panel widget widget_sow-editor\" data-index=\"4\" ><div\n\t\t\t\n\t\t\tclass=\"so-widget-sow-editor so-widget-sow-editor-base\"\n\t\t\t\n\t\t><h3 class=\"widget-title\">Graines de talents<\/h3>\n<div class=\"siteorigin-widget-tinymce textwidget\">\n\t<p>S\u00e9jour pour les 6-11 ans dans les Vosges.<br \/>Du 17 au 30 Juillet 2023<\/p>\n<p>Prix : 610* hors transport\u00a0 (transport collectif en bus \u00e0 partir de Strasbourg). <strong>Places en \"Colos apprenantes\"**<\/strong><em><strong><br \/><\/strong><\/em><\/p>\n<h6>* prix indicatif.sous r\u00e9serve de modification.<\/h6>\n<\/div>\n<\/div><\/div><div id=\"panel-1932-3-0-2\" class=\"so-panel widget widget_sow-button panel-last-child\" data-index=\"5\" ><div\n\t\t\t\n\t\t\tclass=\"so-widget-sow-button so-widget-sow-button-flat-58661f13e289-1932\"\n\t\t\t\n\t\t><div class=\"ow-button-base ow-button-align-center\"\n>\n\t\t\t<a\n\t\t\t\t\thref=\"https:\/\/ucjgalsace.org\/cms\/nos-colonies-vacances-camps-dete-2023-2\/graines-de-talents2023-2\/\"\n\t\t\t\t\tclass=\"sowb-button ow-icon-placement-left ow-button-hover\" \t>\n\t\t<span>\n\t\t\t<span class=\"sow-icon-ionicons\" data-sow-icon=\"&#xf359;\"\n\t\tstyle=\"\" \n\t\taria-hidden=\"true\"><\/span>\n\t\t\t\t\t<\/span>\n\t\t\t<\/a>\n\t<\/div>\n<\/div><\/div><\/div><div id=\"pgc-1932-3-1\"  class=\"panel-grid-cell\" ><div id=\"panel-1932-3-1-0\" class=\"so-panel widget widget_sow-image panel-first-child\" data-index=\"6\" ><div\n\t\t\t\n\t\t\tclass=\"so-widget-sow-image so-widget-sow-image-default-8b5b6f678277-1932\"\n\t\t\t\n\t\t>\n<div class=\"sow-image-container\">\n\t\t<img \n\tsrc=\"https:\/\/ucjgalsace.org\/cms\/wp-content\/uploads\/2015\/12\/mix-4-images.png\" width=\"486\" height=\"500\" srcset=\"https:\/\/ucjgalsace.org\/cms\/wp-content\/uploads\/2015\/12\/mix-4-images.png 1114w, https:\/\/ucjgalsace.org\/cms\/wp-content\/uploads\/2015\/12\/mix-4-images-420x432.png 420w, https:\/\/ucjgalsace.org\/cms\/wp-content\/uploads\/2015\/12\/mix-4-images-744x766.png 744w\" sizes=\"(max-width: 486px) 100vw, 486px\" title=\"mix 4 images\" alt=\"\" \t\tclass=\"so-widget-image\"\/>\n\t<\/div>\n\n<\/div><\/div><div id=\"panel-1932-3-1-1\" class=\"so-panel widget widget_sow-editor\" data-index=\"7\" ><div\n\t\t\t\n\t\t\tclass=\"so-widget-sow-editor so-widget-sow-editor-base\"\n\t\t\t\n\t\t><h3 class=\"widget-title\">Le Tour du Monde en 14 jours<\/h3>\n<div class=\"siteorigin-widget-tinymce textwidget\">\n\t<p>S\u00e9jour pour les 8-12 ans \u00e0 Salm <br \/>31 juillet au 13 ao\u00fbt<\/p>\n<p>Prix : 610\u20ac* hors transport.\u00a0 (transport collectif en bus \u00e0 partir de Strasbourg). <strong>Places en \"Colos apprenantes\"**<br \/><\/strong><\/p>\n<h6>* prix indicatif.sous r\u00e9serve de modification.<\/h6>\n<\/div>\n<\/div><\/div><div id=\"panel-1932-3-1-2\" class=\"so-panel widget widget_sow-button panel-last-child\" data-index=\"8\" ><div\n\t\t\t\n\t\t\tclass=\"so-widget-sow-button so-widget-sow-button-flat-58661f13e289-1932\"\n\t\t\t\n\t\t><div class=\"ow-button-base ow-button-align-center\"\n>\n\t\t\t<a\n\t\t\t\t\thref=\"https:\/\/ucjgalsace.org\/cms\/nos-colonies-vacances-camps-dete-2023-2\/tour-du-monde-en-14j-2023-2\/\"\n\t\t\t\t\tclass=\"sowb-button ow-icon-placement-left ow-button-hover\" \t>\n\t\t<span>\n\t\t\t<span class=\"sow-icon-ionicons\" data-sow-icon=\"&#xf359;\"\n\t\tstyle=\"\" \n\t\taria-hidden=\"true\"><\/span>\n\t\t\t\t\t<\/span>\n\t\t\t<\/a>\n\t<\/div>\n<\/div><\/div><\/div><div id=\"pgc-1932-3-2\"  class=\"panel-grid-cell\" ><div id=\"panel-1932-3-2-0\" class=\"so-panel widget widget_sow-image panel-first-child\" data-index=\"9\" ><div\n\t\t\t\n\t\t\tclass=\"so-widget-sow-image so-widget-sow-image-default-8b5b6f678277-1932\"\n\t\t\t\n\t\t>\n<div class=\"sow-image-container\">\n\t\t\t<a href=\"http:\/\/ucjgalsace.org\/cms\/les-camps-dete-2022\/naturado2022\/\"\n\t\t\t\t\t>\n\t\t\t<img \n\tsrc=\"https:\/\/ucjgalsace.org\/cms\/wp-content\/uploads\/2019\/03\/Capture-photo-naturado-750x500.jpg\" width=\"750\" height=\"500\" srcset=\"https:\/\/ucjgalsace.org\/cms\/wp-content\/uploads\/2019\/03\/Capture-photo-naturado-750x500.jpg 750w, https:\/\/ucjgalsace.org\/cms\/wp-content\/uploads\/2019\/03\/Capture-photo-naturado-272x182.jpg 272w\" sizes=\"(max-width: 750px) 100vw, 750px\" title=\"Capture photo naturado\" alt=\"\" \t\tclass=\"so-widget-image\"\/>\n\t\t\t<\/a><\/div>\n\n<\/div><\/div><div id=\"panel-1932-3-2-1\" class=\"so-panel widget widget_sow-editor\" data-index=\"10\" ><div\n\t\t\t\n\t\t\tclass=\"so-widget-sow-editor so-widget-sow-editor-base\"\n\t\t\t\n\t\t><h3 class=\"widget-title\">Natur'Ado<\/h3>\n<div class=\"siteorigin-widget-tinymce textwidget\">\n\t<p>S\u00e9jour pour les 11-14 ans\u00a0au Camp Joubert. (Haute-Loire)<br \/>Du 15\u00a0 au 28 Juillet 2023<\/p>\n<p>Prix : 750\u20ac* hors transport\u00a0 ( transport collectif en bus \u00e0 partir de Strasbourg). <strong>Places en \"Colos apprenantes\"**<br \/><\/strong><\/p>\n<\/div>\n<\/div><\/div><div id=\"panel-1932-3-2-2\" class=\"so-panel widget widget_sow-button panel-last-child\" data-index=\"11\" ><div\n\t\t\t\n\t\t\tclass=\"so-widget-sow-button so-widget-sow-button-flat-58661f13e289-1932\"\n\t\t\t\n\t\t><div class=\"ow-button-base ow-button-align-center\"\n>\n\t\t\t<a\n\t\t\t\t\thref=\"https:\/\/ucjgalsace.org\/cms\/nos-colonies-vacances-camps-dete-2023-2\/naturado2023\/\"\n\t\t\t\t\tclass=\"sowb-button ow-icon-placement-left ow-button-hover\" \t>\n\t\t<span>\n\t\t\t<span class=\"sow-icon-ionicons\" data-sow-icon=\"&#xf359;\"\n\t\tstyle=\"\" \n\t\taria-hidden=\"true\"><\/span>\n\t\t\t\t\t<\/span>\n\t\t\t<\/a>\n\t<\/div>\n<\/div><\/div><\/div><div id=\"pgc-1932-3-3\"  class=\"panel-grid-cell\" ><div id=\"panel-1932-3-3-0\" class=\"so-panel widget widget_sow-image panel-first-child\" data-index=\"12\" ><div\n\t\t\t\n\t\t\tclass=\"so-widget-sow-image so-widget-sow-image-default-8b5b6f678277-1932\"\n\t\t\t\n\t\t>\n<div class=\"sow-image-container\">\n\t\t\t<a href=\"http:\/\/ucjgalsace.org\/cms\/les-camps-dete-2022\/animado2022\/\"\n\t\t\t\t\t>\n\t\t\t<img \n\tsrc=\"https:\/\/ucjgalsace.org\/cms\/wp-content\/uploads\/2019\/03\/Capture-photo-anim-750x500.jpg\" width=\"750\" height=\"500\" srcset=\"https:\/\/ucjgalsace.org\/cms\/wp-content\/uploads\/2019\/03\/Capture-photo-anim-750x500.jpg 750w, https:\/\/ucjgalsace.org\/cms\/wp-content\/uploads\/2019\/03\/Capture-photo-anim-272x182.jpg 272w\" sizes=\"(max-width: 750px) 100vw, 750px\" title=\"Capture photo anim\" alt=\"\" \t\tclass=\"so-widget-image\"\/>\n\t\t\t<\/a><\/div>\n\n<\/div><\/div><div id=\"panel-1932-3-3-1\" class=\"so-panel widget widget_sow-editor\" data-index=\"13\" ><div\n\t\t\t\n\t\t\tclass=\"so-widget-sow-editor so-widget-sow-editor-base\"\n\t\t\t\n\t\t><h3 class=\"widget-title\">Anim'Ado<\/h3>\n<div class=\"siteorigin-widget-tinymce textwidget\">\n\t<p>S\u00e9jour pour les 15-17 ans\u00a0au Camp Joubert; (Haute-Loire)<br \/>Du 15\u00a0 au 28 Juillet 2023<\/p>\n<p>Prix : 750\u20ac* hors transport\u00a0 ( transport collectif en bus \u00e0 partir de Strasbourg). <strong>Places en \"Colos apprenantes\"**<br \/><\/strong><\/p>\n<h6>* prix indicatif.sous r\u00e9serve de modification.<\/h6>\n<p>\u00a0<\/p>\n<\/div>\n<\/div><\/div><div id=\"panel-1932-3-3-2\" class=\"so-panel widget widget_sow-button panel-last-child\" data-index=\"14\" ><div\n\t\t\t\n\t\t\tclass=\"so-widget-sow-button so-widget-sow-button-flat-58661f13e289-1932\"\n\t\t\t\n\t\t><div class=\"ow-button-base ow-button-align-center\"\n>\n\t\t\t<a\n\t\t\t\t\thref=\"https:\/\/ucjgalsace.org\/cms\/nos-colonies-vacances-camps-dete-2023-2\/animado2023-2\/\"\n\t\t\t\t\tclass=\"sowb-button ow-icon-placement-left ow-button-hover\" \t>\n\t\t<span>\n\t\t\t<span class=\"sow-icon-ionicons\" data-sow-icon=\"&#xf359;\"\n\t\tstyle=\"\" \n\t\taria-hidden=\"true\"><\/span>\n\t\t\t\t\t<\/span>\n\t\t\t<\/a>\n\t<\/div>\n<\/div><\/div><\/div><\/div><div id=\"pg-1932-4\"  class=\"panel-grid panel-no-style\" ><div id=\"pgc-1932-4-0\"  class=\"panel-grid-cell\" ><div id=\"panel-1932-4-0-0\" class=\"so-panel widget widget_sow-button panel-first-child panel-last-child\" data-index=\"15\" ><div\n\t\t\t\n\t\t\tclass=\"so-widget-sow-button so-widget-sow-button-flat-0d56867f686f-1932\"\n\t\t\t\n\t\t><div class=\"ow-button-base ow-button-align-center\"\n>\n\t\t\t<a\n\t\t\t\t\thref=\"https:\/\/ucjgalsace.org\/cms\/pre-inscription-a-un-camp\/\"\n\t\t\t\t\tclass=\"sowb-button ow-icon-placement-left ow-button-hover\" \t>\n\t\t<span>\n\t\t\t<span class=\"sow-icon-fontawesome sow-fas\" data-sow-icon=\"&#xf105;\"\n\t\tstyle=\"color: #4f4f4f\" \n\t\taria-hidden=\"true\"><\/span>\n\t\t\tpr\u00e9-inscription\t\t<\/span>\n\t\t\t<\/a>\n\t<\/div>\n<\/div><\/div><\/div><div id=\"pgc-1932-4-1\"  class=\"panel-grid-cell\" ><div id=\"panel-1932-4-1-0\" class=\"so-panel widget widget_sow-button panel-first-child panel-last-child\" data-index=\"16\" ><div\n\t\t\t\n\t\t\tclass=\"so-widget-sow-button so-widget-sow-button-flat-070145c23f99-1932\"\n\t\t\t\n\t\t><div class=\"ow-button-base ow-button-align-center\"\n>\n\t\t\t<a\n\t\t\t\t\thref=\"https:\/\/ucjgalsace.org\/cms\/nos-colonies-vacances-camps-dete-2023-2\/prix-2023-et-aides-financieres-aux-vacances-2\/\"\n\t\t\t\t\tclass=\"sowb-button ow-icon-placement-left ow-button-hover\" \t>\n\t\t<span>\n\t\t\t\n\t\t\t*Prix et **aides financi\u00e8res\t\t<\/span>\n\t\t\t<\/a>\n\t<\/div>\n<\/div><\/div><\/div><div id=\"pgc-1932-4-2\"  class=\"panel-grid-cell\" ><div id=\"panel-1932-4-2-0\" class=\"so-panel widget widget_sow-button panel-first-child panel-last-child\" data-index=\"17\" ><div\n\t\t\t\n\t\t\tclass=\"so-widget-sow-button so-widget-sow-button-flat-0d56867f686f-1932\"\n\t\t\t\n\t\t><div class=\"ow-button-base ow-button-align-center\"\n>\n\t\t\t<a\n\t\t\t\tclass=\"sowb-button ow-icon-placement-left ow-button-hover\" \t>\n\t\t<span>\n\t\t\t<span class=\"sow-icon-fontawesome sow-fas\" data-sow-icon=\"&#xf105;\"\n\t\tstyle=\"color: #4f4f4f\" \n\t\taria-hidden=\"true\"><\/span>\n\t\t\tT\u00e9l\u00e9charger le dossier d'inscription - Prochainement disponible.\t\t<\/span>\n\t\t\t<\/a>\n\t<\/div>\n<\/div><\/div><\/div><\/div><div id=\"pg-1932-5\"  class=\"panel-grid panel-no-style\" ><div id=\"pgc-1932-5-0\"  class=\"panel-grid-cell\" ><div id=\"panel-1932-5-0-0\" class=\"so-panel widget widget_sow-editor panel-first-child panel-last-child\" data-index=\"18\" ><div\n\t\t\t\n\t\t\tclass=\"so-widget-sow-editor so-widget-sow-editor-base\"\n\t\t\t\n\t\t><h3 class=\"widget-title\">Les s\u00e9jours franco-allemands jeunes 8-12 ans et 14-17 ans et s\u00e9jour jeunes adultes (France-Allemagne-Arm\u00e9nie) subventionn\u00e9s par l'OFAJ<\/h3>\n<div class=\"siteorigin-widget-tinymce textwidget\">\n\t<\/div>\n<\/div><\/div><\/div><\/div><div id=\"pg-1932-6\"  class=\"panel-grid panel-no-style\" ><div id=\"pgc-1932-6-0\"  class=\"panel-grid-cell\" ><div id=\"panel-1932-6-0-0\" class=\"so-panel widget widget_sow-image panel-first-child\" data-index=\"19\" ><div\n\t\t\t\n\t\t\tclass=\"so-widget-sow-image so-widget-sow-image-default-8b5b6f678277-1932\"\n\t\t\t\n\t\t>\n<div class=\"sow-image-container\">\n\t\t<img \n\tsrc=\"https:\/\/ucjgalsace.org\/cms\/wp-content\/uploads\/2019\/03\/Capture-photo-FA-tableu-750x500.jpg\" width=\"750\" height=\"500\" srcset=\"https:\/\/ucjgalsace.org\/cms\/wp-content\/uploads\/2019\/03\/Capture-photo-FA-tableu-750x500.jpg 750w, https:\/\/ucjgalsace.org\/cms\/wp-content\/uploads\/2019\/03\/Capture-photo-FA-tableu-272x182.jpg 272w\" sizes=\"(max-width: 750px) 100vw, 750px\" title=\"Capture photo FA tableu\" alt=\"\" \t\tclass=\"so-widget-image\"\/>\n\t<\/div>\n\n<\/div><\/div><div id=\"panel-1932-6-0-1\" class=\"so-panel widget widget_sow-editor\" data-index=\"20\" ><div\n\t\t\t\n\t\t\tclass=\"so-widget-sow-editor so-widget-sow-editor-base\"\n\t\t\t\n\t\t><h3 class=\"widget-title\">Soleil, plage et amiti\u00e9s<\/h3>\n<div class=\"siteorigin-widget-tinymce textwidget\">\n\t<p>S\u00e9jour Franco-allemand. 14-17 ans. 13 Fran\u00e7ais et 13 Allemands<\/p>\n<p>Du 12 au 24 juillet 2023<\/p>\n<p>Prix* : 1000\u20ac - aides \u00e0 d\u00e9duire - nous consulter - transport compris \u00e0 partir de Strasbourg. S\u00e9jour subventionn\u00e9 par l'OFAJ, possibilit\u00e9 de subventionner le transport jusque Strasbourg<\/p>\n<h6>* prix indicatif.sous r\u00e9serve de modification.<\/h6>\n<\/div>\n<\/div><\/div><div id=\"panel-1932-6-0-2\" class=\"so-panel widget widget_sow-button panel-last-child\" data-index=\"21\" ><div\n\t\t\t\n\t\t\tclass=\"so-widget-sow-button so-widget-sow-button-flat-58661f13e289-1932\"\n\t\t\t\n\t\t><div class=\"ow-button-base ow-button-align-center\"\n>\n\t\t\t<a\n\t\t\t\t\thref=\"https:\/\/ucjgalsace.org\/cms\/nos-colonies-vacances-camps-dete-2023-2\/soleil-plage-amities-2023\/\"\n\t\t\t\t\tclass=\"sowb-button ow-icon-placement-left ow-button-hover\" \t>\n\t\t<span>\n\t\t\t<span class=\"sow-icon-ionicons\" data-sow-icon=\"&#xf359;\"\n\t\tstyle=\"\" \n\t\taria-hidden=\"true\"><\/span>\n\t\t\t\t\t<\/span>\n\t\t\t<\/a>\n\t<\/div>\n<\/div><\/div><\/div><div id=\"pgc-1932-6-1\"  class=\"panel-grid-cell\" ><div id=\"panel-1932-6-1-0\" class=\"so-panel widget widget_sow-image panel-first-child\" data-index=\"22\" ><div\n\t\t\t\n\t\t\tclass=\"so-widget-sow-image so-widget-sow-image-default-8b5b6f678277-1932\"\n\t\t\t\n\t\t>\n<div class=\"sow-image-container\">\n\t\t<img \n\tsrc=\"https:\/\/ucjgalsace.org\/cms\/wp-content\/uploads\/2019\/03\/Capture-photo-FA-tableu-750x500.jpg\" width=\"750\" height=\"500\" srcset=\"https:\/\/ucjgalsace.org\/cms\/wp-content\/uploads\/2019\/03\/Capture-photo-FA-tableu-750x500.jpg 750w, https:\/\/ucjgalsace.org\/cms\/wp-content\/uploads\/2019\/03\/Capture-photo-FA-tableu-272x182.jpg 272w\" sizes=\"(max-width: 750px) 100vw, 750px\" title=\"Capture photo FA tableu\" alt=\"\" \t\tclass=\"so-widget-image\"\/>\n\t<\/div>\n\n<\/div><\/div><div id=\"panel-1932-6-1-1\" class=\"so-panel widget widget_sow-editor\" data-index=\"23\" ><div\n\t\t\t\n\t\t\tclass=\"so-widget-sow-editor so-widget-sow-editor-base\"\n\t\t\t\n\t\t><h3 class=\"widget-title\">Franco-allemand en Allemagne<\/h3>\n<div class=\"siteorigin-widget-tinymce textwidget\">\n\t<p>S\u00e9jour Franco-allemand. 8-12 ans. 10 Fran\u00e7ais et 10 Allemands<\/p>\n<p>Du 31 juillet au 6 ao\u00fbt 2023<\/p>\n<p>Prix* : 320\u20ac -\u00a0 transport compris \u00e0 partir de Strasbourg. S\u00e9jour subventionn\u00e9 par l'OFAJ, possibilit\u00e9 de subventionner le transport jusque Strasbourg<\/p>\n<h6>* prix indicatif.sous r\u00e9serve de modification.<\/h6>\n<\/div>\n<\/div><\/div><div id=\"panel-1932-6-1-2\" class=\"so-panel widget widget_sow-button panel-last-child\" data-index=\"24\" ><div\n\t\t\t\n\t\t\tclass=\"so-widget-sow-button so-widget-sow-button-flat-58661f13e289-1932\"\n\t\t\t\n\t\t><div class=\"ow-button-base ow-button-align-center\"\n>\n\t\t\t<a\n\t\t\t\t\thref=\"https:\/\/ucjgalsace.org\/cms\/?page_id=1966\"\n\t\t\t\t\tclass=\"sowb-button ow-icon-placement-left ow-button-hover\" \t>\n\t\t<span>\n\t\t\t<span class=\"sow-icon-ionicons\" data-sow-icon=\"&#xf359;\"\n\t\tstyle=\"\" \n\t\taria-hidden=\"true\"><\/span>\n\t\t\t\t\t<\/span>\n\t\t\t<\/a>\n\t<\/div>\n<\/div><\/div><\/div><div id=\"pgc-1932-6-2\"  class=\"panel-grid-cell\" ><div id=\"panel-1932-6-2-0\" class=\"so-panel widget widget_sow-image panel-first-child\" data-index=\"25\" ><div\n\t\t\t\n\t\t\tclass=\"so-widget-sow-image so-widget-sow-image-default-8b5b6f678277-1932\"\n\t\t\t\n\t\t>\n<div class=\"sow-image-container\">\n\t\t<img \n\tsrc=\"https:\/\/ucjgalsace.org\/cms\/wp-content\/uploads\/2021\/03\/IMG-20200824-WA0052-Florian-Ehmke-750x500.jpg\" width=\"750\" height=\"500\" srcset=\"https:\/\/ucjgalsace.org\/cms\/wp-content\/uploads\/2021\/03\/IMG-20200824-WA0052-Florian-Ehmke-750x500.jpg 750w, https:\/\/ucjgalsace.org\/cms\/wp-content\/uploads\/2021\/03\/IMG-20200824-WA0052-Florian-Ehmke-272x182.jpg 272w\" sizes=\"(max-width: 750px) 100vw, 750px\" title=\"IMG-20200824-WA0052 &#8211; Florian Ehmke\" alt=\"\" \t\tclass=\"so-widget-image\"\/>\n\t<\/div>\n\n<\/div><\/div><div id=\"panel-1932-6-2-1\" class=\"so-panel widget widget_sow-editor\" data-index=\"26\" ><div\n\t\t\t\n\t\t\tclass=\"so-widget-sow-editor so-widget-sow-editor-base\"\n\t\t\t\n\t\t><h3 class=\"widget-title\">Living Nature<\/h3>\n<div class=\"siteorigin-widget-tinymce textwidget\">\n\t<p>S\u00e9jour pour des jeunes Fran\u00e7ais, Allemands et Arm\u00e9niens de\u00a0 18-25 ans en Arm\u00e9nie.<\/p>\n<p>Du 11 au 19 ao\u00fbt 2023<\/p>\n<p>Prix du s\u00e9jour** : autours de 220\u20ac. Projet subventionn\u00e9 par l'OFAJ (Frais de transport subventionn\u00e9s)<\/p>\n<h6>** prix indicatifs susceptibles d'\u00e9voluer<\/h6>\n<p>\u00a0<\/p>\n<\/div>\n<\/div><\/div><div id=\"panel-1932-6-2-2\" class=\"so-panel widget widget_sow-button panel-last-child\" data-index=\"27\" ><div\n\t\t\t\n\t\t\tclass=\"so-widget-sow-button so-widget-sow-button-flat-58661f13e289-1932\"\n\t\t\t\n\t\t><div class=\"ow-button-base ow-button-align-center\"\n>\n\t\t\t<a\n\t\t\t\t\thref=\"https:\/\/ucjgalsace.org\/cms\/nos-colonies-vacances-camps-dete-2023-2\/livingnature2023\/\"\n\t\t\t\t\tclass=\"sowb-button ow-icon-placement-left ow-button-hover\" \t>\n\t\t<span>\n\t\t\t<span class=\"sow-icon-ionicons\" data-sow-icon=\"&#xf359;\"\n\t\tstyle=\"\" \n\t\taria-hidden=\"true\"><\/span>\n\t\t\t\t\t<\/span>\n\t\t\t<\/a>\n\t<\/div>\n<\/div><\/div><\/div><\/div><div id=\"pg-1932-7\"  class=\"panel-grid panel-no-style\" ><div id=\"pgc-1932-7-0\"  class=\"panel-grid-cell\" ><div id=\"panel-1932-7-0-0\" class=\"so-panel widget widget_sow-button panel-first-child panel-last-child\" data-index=\"28\" ><div\n\t\t\t\n\t\t\tclass=\"so-widget-sow-button so-widget-sow-button-flat-0d56867f686f-1932\"\n\t\t\t\n\t\t><div class=\"ow-button-base ow-button-align-center\"\n>\n\t\t\t<a\n\t\t\t\t\thref=\"https:\/\/ucjgalsace.org\/cms\/pre-inscription-a-un-camp\/\"\n\t\t\t\t\tclass=\"sowb-button ow-icon-placement-left ow-button-hover\" \t>\n\t\t<span>\n\t\t\t<span class=\"sow-icon-fontawesome sow-fas\" data-sow-icon=\"&#xf105;\"\n\t\tstyle=\"color: #4f4f4f\" \n\t\taria-hidden=\"true\"><\/span>\n\t\t\tPr\u00e9-inscription\t\t<\/span>\n\t\t\t<\/a>\n\t<\/div>\n<\/div><\/div><\/div><div id=\"pgc-1932-7-1\"  class=\"panel-grid-cell\" ><div id=\"panel-1932-7-1-0\" class=\"so-panel widget widget_sow-button panel-first-child panel-last-child\" data-index=\"29\" ><div\n\t\t\t\n\t\t\tclass=\"so-widget-sow-button so-widget-sow-button-flat-0d56867f686f-1932\"\n\t\t\t\n\t\t><div class=\"ow-button-base ow-button-align-center\"\n>\n\t\t\t<a\n\t\t\t\tclass=\"sowb-button ow-icon-placement-left ow-button-hover\" \t>\n\t\t<span>\n\t\t\t<span class=\"sow-icon-fontawesome sow-fas\" data-sow-icon=\"&#xf105;\"\n\t\tstyle=\"color: #4f4f4f\" \n\t\taria-hidden=\"true\"><\/span>\n\t\t\tT\u00e9l\u00e9charger le dossier d'inscription. Prochainement disponible\t\t<\/span>\n\t\t\t<\/a>\n\t<\/div>\n<\/div><\/div><\/div><div id=\"pgc-1932-7-2\"  class=\"panel-grid-cell panel-grid-cell-empty\" ><\/div><div id=\"pgc-1932-7-3\"  class=\"panel-grid-cell panel-grid-cell-mobile-last\" ><div id=\"panel-1932-7-3-0\" class=\"so-panel widget widget_sow-button panel-first-child panel-last-child\" data-index=\"30\" ><div\n\t\t\t\n\t\t\tclass=\"so-widget-sow-button so-widget-sow-button-flat-0d56867f686f-1932\"\n\t\t\t\n\t\t><div class=\"ow-button-base ow-button-align-center\"\n>\n\t\t\t<a\n\t\t\t\t\thref=\"https:\/\/ucjgalsace.org\/cms\/pre-inscription-a-un-camp\/\"\n\t\t\t\t\tclass=\"sowb-button ow-icon-placement-left ow-button-hover\" \t>\n\t\t<span>\n\t\t\t<span class=\"sow-icon-fontawesome sow-fas\" data-sow-icon=\"&#xf105;\"\n\t\tstyle=\"color: #4f4f4f\" \n\t\taria-hidden=\"true\"><\/span>\n\t\t\tPr\u00e9-inscription\t\t<\/span>\n\t\t\t<\/a>\n\t<\/div>\n<\/div><\/div><\/div><div id=\"pgc-1932-7-4\"  class=\"panel-grid-cell panel-grid-cell-empty\" ><\/div><\/div><\/div><!-- AddThis Advanced Settings generic via filter on the_content --><!-- AddThis Share Buttons generic via filter on the_content -->","protected":false},"excerpt":{"rendered":"<p>YMCA UCJG Alsace proposent 7 s\u00e9jours en \u00e9t\u00e9 2023Pour les s\u00e9jours jeunes 6-17 ans en France, nous demanderons le label \u00ab\u00a0Colos apprenantes\u00a0\u00bb aupr\u00e8s du Minist\u00e8re de l&rsquo;Education NationaleLes prix indiqu\u00e9s [&hellip;]<!-- AddThis Advanced Settings generic via filter on get_the_excerpt --><!-- AddThis Share Buttons generic via filter on get_the_excerpt --><\/p>\n","protected":false},"author":4,"featured_media":948,"parent":0,"menu_order":0,"comment_status":"open","ping_status":"closed","template":"","meta":{"jetpack_post_was_ever_published":false,"footnotes":""},"class_list":["post-1932","page","type-page","status-publish","has-post-thumbnail","hentry"],"jetpack_sharing_enabled":true,"jetpack_shortlink":"https:\/\/wp.me\/P8nbU3-va","_links":{"self":[{"href":"https:\/\/ucjgalsace.org\/cms\/wp-json\/wp\/v2\/pages\/1932","targetHints":{"allow":["GET"]}}],"collection":[{"href":"https:\/\/ucjgalsace.org\/cms\/wp-json\/wp\/v2\/pages"}],"about":[{"href":"https:\/\/ucjgalsace.org\/cms\/wp-json\/wp\/v2\/types\/page"}],"author":[{"embeddable":true,"href":"https:\/\/ucjgalsace.org\/cms\/wp-json\/wp\/v2\/users\/4"}],"replies":[{"embeddable":true,"href":"https:\/\/ucjgalsace.org\/cms\/wp-json\/wp\/v2\/comments?post=1932"}],"version-history":[{"count":6,"href":"https:\/\/ucjgalsace.org\/cms\/wp-json\/wp\/v2\/pages\/1932\/revisions"}],"predecessor-version":[{"id":1968,"href":"https:\/\/ucjgalsace.org\/cms\/wp-json\/wp\/v2\/pages\/1932\/revisions\/1968"}],"wp:featuredmedia":[{"embeddable":true,"href":"https:\/\/ucjgalsace.org\/cms\/wp-json\/wp\/v2\/media\/948"}],"wp:attachment":[{"href":"https:\/\/ucjgalsace.org\/cms\/wp-json\/wp\/v2\/media?parent=1932"}],"curies":[{"name":"wp","href":"https:\/\/api.w.org\/{rel}","templated":true}]}}