{"id":213,"date":"2015-05-07T16:06:14","date_gmt":"2015-05-07T15:06:14","guid":{"rendered":"http:\/\/ucjgalsace.org\/cms\/?page_id=213"},"modified":"2026-03-23T14:13:06","modified_gmt":"2026-03-23T13:13:06","slug":"notre-projet-educatif","status":"publish","type":"page","link":"https:\/\/ucjgalsace.org\/cms\/notre-projet-educatif\/","title":{"rendered":"Notre projet \u00e9ducatif"},"content":{"rendered":"<h1>PROJET EDUCATIF<\/h1>\n<p>YMCA UCJG Alsace est un mouvement de jeunesse d\u2019inspiration protestante et de fonctionnement la\u00efque.<\/p>\n<h2>\u00a0 Mouvement de jeunesse<\/h2>\n<p>L\u2019association YMCA-UCJG Alsace est une r\u00e9alit\u00e9 vivante. Attach\u00e9 \u00e0 l&rsquo;affirmation des valeurs exprim\u00e9es ici, il \u00e9volue en lien avec la soci\u00e9t\u00e9.<\/p>\n<p>Chacun de ces membres est invit\u00e9 \u00e0 apporter sa part de propositions et de questions.<\/p>\n<p>L\u2019association YMCA-UCJG Alsace est particuli\u00e8rement attentive \u00e0 accompagner les jeunes de moins de trente ans et d\u00e9veloppe des actions pour promouvoir la curiosit\u00e9, la cr\u00e9ativit\u00e9, l&rsquo;initiative et l&rsquo;exp\u00e9rimentation.<\/p>\n<h2>D\u2019inspiration protestante et de fonctionnement la\u00efque<\/h2>\n<p>Pour l\u2019association YMCA-UCJG Alsace, dont les origines s\u2019inscrivent dans l\u2019histoire du protestantisme, le fonctionnement la\u00efque se traduit par une mani\u00e8re de vivre ensemble marqu\u00e9e par le respect et l\u2019attention pour chacun, l\u2019ouverture aux personnes et \u00e0 l\u2019expression des id\u00e9es, l\u2019acceptation des diff\u00e9rences dans l\u2019\u00e9change.<\/p>\n<h2>\u00a0 Fondements des r\u00e9flexions et actions<\/h2>\n<ul>\n<li>Chacun est appel\u00e9 \u00e0 \u00eatre :\n<ul>\n<li>bien dans sa t\u00eate : \u00e0 user de son intelligence, de son esprit critique et de son imagination.<\/li>\n<li>bien dans son corps : \u00e0 l&rsquo;accepter, le respecter et le soigner.<\/li>\n<li>bien dans son c\u0153ur : \u00e0 communiquer, dialoguer et coop\u00e9rer avec les autres, \u00e0 servir.<\/li>\n<\/ul>\n<\/li>\n<\/ul>\n<ul>\n<li>Chacun a besoin de vivre dans la confiance en soi, en l&rsquo;autre.<\/li>\n<li>Chacun est invit\u00e9 \u00e0 la libert\u00e9, libert\u00e9 qui s&rsquo;enrichit de la libert\u00e9 de l&rsquo;autre et la respecte.<\/li>\n<li>Chacun est invit\u00e9 \u00e0 s&rsquo;exprimer de mani\u00e8re personnelle.<\/li>\n<li>Chacun est invit\u00e9 \u00e0 la r\u00e9flexion et au partage spirituel.<\/li>\n<li>Chacun a le droit au respect de sa personne, m\u00eame si ses id\u00e9es peuvent ou doivent \u00eatre discut\u00e9es voire combattues si celles-ci contreviennent aux r\u00e8gles fix\u00e9es universellement pour pr\u00e9server la dignit\u00e9 humaine.<\/li>\n<li>Chacun est appel\u00e9 \u00e0 vivre la coh\u00e9rence entre les discours et les actes, m\u00eame les plus ordinaires.<\/li>\n<li>Chacun est unique, appel\u00e9 \u00e0 \u00eatre acteur du devenir du monde en \u00e9tant responsable de ses actes.<\/li>\n<\/ul>\n<ul>\n<li>Le conflit est un \u00e9l\u00e9ment de la vie. Le r\u00e9soudre de mani\u00e8re satisfaisante aide \u00e0 transformer les situations de mani\u00e8re constructive et positive.<\/li>\n<li>La paix n&rsquo;est pas l&rsquo;absence de lutte. C&rsquo;est un \u00e9quilibre qui n\u00e9cessite un travail pers\u00e9v\u00e9rant et une attention constante.<\/li>\n<li>Les r\u00e8gles de vie sont n\u00e9cessaires pour garantir le projet de vie commune.<\/li>\n<\/ul>\n<p>Ces fondements ne sont pas n\u00e9gociables.<\/p>\n<p><em>Adopt\u00e9 par le comit\u00e9 du Groupe Alsace des UCJG, le 11 mars 2024.<\/em><\/p>\n<!-- AddThis Advanced Settings generic via filter on the_content --><!-- AddThis Share Buttons generic via filter on the_content -->","protected":false},"excerpt":{"rendered":"<p>PROJET EDUCATIF YMCA UCJG Alsace est un mouvement de jeunesse d\u2019inspiration protestante et de fonctionnement la\u00efque. \u00a0 Mouvement de jeunesse L\u2019association YMCA-UCJG Alsace est une r\u00e9alit\u00e9 vivante. Attach\u00e9 \u00e0 l&rsquo;affirmation [&hellip;]<!-- AddThis Advanced Settings generic via filter on get_the_excerpt --><!-- AddThis Share Buttons generic via filter on get_the_excerpt --><\/p>\n","protected":false},"author":4,"featured_media":948,"parent":0,"menu_order":0,"comment_status":"open","ping_status":"open","template":"","meta":{"jetpack_post_was_ever_published":false,"footnotes":""},"class_list":["post-213","page","type-page","status-publish","has-post-thumbnail","hentry"],"jetpack_sharing_enabled":true,"jetpack_shortlink":"https:\/\/wp.me\/P8nbU3-3r","_links":{"self":[{"href":"https:\/\/ucjgalsace.org\/cms\/wp-json\/wp\/v2\/pages\/213","targetHints":{"allow":["GET"]}}],"collection":[{"href":"https:\/\/ucjgalsace.org\/cms\/wp-json\/wp\/v2\/pages"}],"about":[{"href":"https:\/\/ucjgalsace.org\/cms\/wp-json\/wp\/v2\/types\/page"}],"author":[{"embeddable":true,"href":"https:\/\/ucjgalsace.org\/cms\/wp-json\/wp\/v2\/users\/4"}],"replies":[{"embeddable":true,"href":"https:\/\/ucjgalsace.org\/cms\/wp-json\/wp\/v2\/comments?post=213"}],"version-history":[{"count":3,"href":"https:\/\/ucjgalsace.org\/cms\/wp-json\/wp\/v2\/pages\/213\/revisions"}],"predecessor-version":[{"id":2424,"href":"https:\/\/ucjgalsace.org\/cms\/wp-json\/wp\/v2\/pages\/213\/revisions\/2424"}],"wp:featuredmedia":[{"embeddable":true,"href":"https:\/\/ucjgalsace.org\/cms\/wp-json\/wp\/v2\/media\/948"}],"wp:attachment":[{"href":"https:\/\/ucjgalsace.org\/cms\/wp-json\/wp\/v2\/media?parent=213"}],"curies":[{"name":"wp","href":"https:\/\/api.w.org\/{rel}","templated":true}]}}